{"id":12,"date":"2021-04-24T11:33:46","date_gmt":"2021-04-24T09:33:46","guid":{"rendered":"https:\/\/erasmus.eoiestepa.es\/?page_id=12"},"modified":"2021-09-30T20:28:06","modified_gmt":"2021-09-30T18:28:06","slug":"objetivos-del-proyecto-y-areas-de-mejora","status":"publish","type":"page","link":"https:\/\/erasmus.eoiestepa.es\/index.php\/objetivos-del-proyecto-y-areas-de-mejora\/","title":{"rendered":"Objetivos"},"content":{"rendered":"\n<p>Las \u00e1reas principales de mejora que se abordar\u00e1n ser\u00e1n las siguientes:<\/p>\n\n\n\n<ul class=\"wp-block-list\"><li><strong>Gesti\u00f3n del centro y liderazgo<\/strong>: Mediante otros cursos estructurados que combinan visitas a organizaciones e instituciones de ense\u00f1anza con seminarios, el Equipo Directivo podr\u00e1 establecer una red de contactos con centros, y equipos directivos para una futura colaboraci\u00f3n en el marco del programa Erasmus+ o ETwinning y llevar as\u00ed mismo un intercambio de buenas pr\u00e1cticas en el \u00e1mbito de la gesti\u00f3n de centros, motivaci\u00f3n del personal, organizaci\u00f3n de actividades, prevenci\u00f3n del abandono escolar temprano entre otros, propiciando el sentido de comunidad y la dimensi\u00f3n europea de las instituciones educativas participantes.<\/li><li><strong>Dimensi\u00f3n europea de la EOI<\/strong>: Es primordial la internacionalizaci\u00f3n de la Escuela Oficial de Idiomas Estepa para hacer del aprendizaje permanente y la movilidad una realidad y as\u00ed mejorar la calidad y eficiencia de la educaci\u00f3n y la formaci\u00f3n de adultos, as\u00ed como permitir una ense\u00f1anza ling\u00fc\u00edstica de calidad que redunde en mayores opciones de empleabilidad para nuestro alumnado, tanto dentro del pa\u00eds como fuera del territorio. Del mismo modo pretendemos establecer canales de comunicaci\u00f3n entre nuestro alumnado\/profesorado y el alumnado\/profesorado de otros centros europeos con el ingl\u00e9s y\/o franc\u00e9s como lengua vehicular, llevando la experiencia de la pr\u00e1ctica<br>del idioma fuera del aula en un contexto real, inspirador y enriquecedor, otorgando mayor visibilidad a la labor de nuestra escuela y a\u00f1adiendo el valor europeo que supone la movilidad del personal y la posible colaboraci\u00f3n futura con otros centros.<br>El <strong>periodo de observaci\u00f3n profesional (jobshadowing) <\/strong>en un centro de similares caracter\u00edsticas al nuestro nos permitir\u00e1 conocer de primera mano la organizaci\u00f3n de un centro de idiomas, el entorno de trabajo, m\u00e9todos y enfoques de trabajo distintos, el intercambio de buenas pr\u00e1cticas, t\u00e9cnicas de dinamizaci\u00f3n e internacionalizaci\u00f3n del centro, todo ello con el fin de conseguir un impacto positivo en la gesti\u00f3n de nuestra propia escuela. Igualmente acogeremos a profesionales de dicho centro para que nos visiten y sea un enriquecimiento mutuo y oportunidad para colaboraciones futuras. <\/li><li><strong>Mejorar las competencias ling\u00fc\u00edsticas y metodol\u00f3gicas del profesorado<\/strong>. A trav\u00e9s de los cursos estructurados se tendr\u00e1 acceso a una actualizaci\u00f3n en cuanto a conocimientos ling\u00fc\u00edsticos avanzados y de metodolog\u00eda innovadora por parte del profesorado. Se han escogido para ello cursos de innovaci\u00f3n educativa y metodol\u00f3gica, herramientas para motivar al alumnado en clase y fuera de ella. Adaptaci\u00f3n al nuevo curr\u00edculo en las EEOOII con nuevas formas de evaluaci\u00f3n y la incorporaci\u00f3n de la destreza de mediaci\u00f3n. Las destrezas adquiridas en los cursos se ver\u00e1n reflejadas en las actividades de clase derivadas de la nueva normativa de aplicaci\u00f3n respecto a la evaluaci\u00f3n y uso de la mediaci\u00f3n en las EEOOII.<\/li><li><strong>Una mejor organizaci\u00f3n de la ense\u00f1anza y el aprendizaje<\/strong>. La formaci\u00f3n recibida en las actividades redundar\u00e1 en una mejor gesti\u00f3n del aula, la organizaci\u00f3n del alumnado, el papel del profesorado, la interacci\u00f3n entre los estudiantes, el desarrollo del trabajo colaborativo y el pensamiento cr\u00edtico, entre otros.<\/li><\/ul>\n\n\n\n<div class=\"wp-block-image\"><figure class=\"aligncenter is-resized\"><img loading=\"lazy\" decoding=\"async\" src=\"https:\/\/www.eoiestepa.es\/wp-content\/uploads\/2020\/02\/cofinanciado.png\" alt=\"\" width=\"336\" height=\"82\"\/><\/figure><\/div>\n","protected":false},"excerpt":{"rendered":"<p>Las \u00e1reas principales de mejora que se abordar\u00e1n ser\u00e1n las siguientes: Gesti\u00f3n del centro y liderazgo: Mediante otros cursos estructurados que combinan visitas a organizaciones e instituciones de ense\u00f1anza con seminarios, el Equipo Directivo podr\u00e1 establecer una red de contactos con centros, y equipos directivos para una futura colaboraci\u00f3n en el marco del programa Erasmus+ <a class=\"more-link\" href=\"https:\/\/erasmus.eoiestepa.es\/index.php\/objetivos-del-proyecto-y-areas-de-mejora\/\">Seguir leyendo <i class=\"fa fa-chevron-right\"><\/i><\/a><\/p>\n","protected":false},"author":1,"featured_media":0,"parent":0,"menu_order":0,"comment_status":"closed","ping_status":"closed","template":"","meta":{"footnotes":""},"class_list":["post-12","page","type-page","status-publish","hentry"],"_links":{"self":[{"href":"https:\/\/erasmus.eoiestepa.es\/index.php\/wp-json\/wp\/v2\/pages\/12","targetHints":{"allow":["GET"]}}],"collection":[{"href":"https:\/\/erasmus.eoiestepa.es\/index.php\/wp-json\/wp\/v2\/pages"}],"about":[{"href":"https:\/\/erasmus.eoiestepa.es\/index.php\/wp-json\/wp\/v2\/types\/page"}],"author":[{"embeddable":true,"href":"https:\/\/erasmus.eoiestepa.es\/index.php\/wp-json\/wp\/v2\/users\/1"}],"replies":[{"embeddable":true,"href":"https:\/\/erasmus.eoiestepa.es\/index.php\/wp-json\/wp\/v2\/comments?post=12"}],"version-history":[{"count":3,"href":"https:\/\/erasmus.eoiestepa.es\/index.php\/wp-json\/wp\/v2\/pages\/12\/revisions"}],"predecessor-version":[{"id":46,"href":"https:\/\/erasmus.eoiestepa.es\/index.php\/wp-json\/wp\/v2\/pages\/12\/revisions\/46"}],"wp:attachment":[{"href":"https:\/\/erasmus.eoiestepa.es\/index.php\/wp-json\/wp\/v2\/media?parent=12"}],"curies":[{"name":"wp","href":"https:\/\/api.w.org\/{rel}","templated":true}]}}